 is the tens digit of o(-13)?
1
Let v(c) = 11*c**2 - 27*c + 6. Let m be v(-6). Let s = m + -198. What is the units digit of s?
6
Let v = -1446 + 1739. What is the units digit of v?
3
Suppose -4*o - f = 3*f - 32, 4*o = 2*f + 38. Let b be -1*(-447 - 3/(o/6)). Let r = -284 + b. What is the hundreds digit of r?
1
Suppose -v = k + 157 + 3, -4*v = -3*k + 640. What is the tens digit of -33*(v/15)/2?
7
Suppose -j + 82 = 90, 2*c - 2*j - 42384 = 0. What is the tens digit of c?
8
Suppose 2*r + 4*a - 4116 = 0, -4*a + 8*a = 0. What is the hundreds digit of (236/(-3))/((-196)/r)?
8
Let s be 1/(3 + 20/(-5))*-223. Suppose -5*x + 2407 = -4*b, -s - 268 = -x + 4*b. What is the tens digit of x?
7
Let b(p) = 3*p + 10 - 3*p + p. Let w be b(-8). Suppose 4*z = -4*u + 36, 3*u + w*u + 4*z - 50 = 0. What is the tens digit of u?
1
Let s = 138 + -221. What is the tens digit of 4/(-2) - (s + (-5)/1)?
8
Let j(o) = 151*o**2 - 130*o - 14. What is the tens digit of j(13)?
1
Let n(r) = -r**3 + 59*r**2 - 60*r + 303. What is the hundreds digit of n(53)?
9
Suppose -h + 1 = 5*f - 12, 4*f - 2*h = 16. What is the units digit of (0/1 - -4) + (460 - f)?
1
Let o(n) = -25*n - 14. Let h be o(-18). Suppose 5*a - 452 = -0*u - 2*u, 0 = 2*u - 3*a - h. What is the units digit of u?
1
Let o = 6924 - 6322. What is the tens digit of o?
0
Suppose -30*u + 401 = -31*u. Let p = u - -840. What is the units digit of p?
9
Suppose -m - 10*m + 1848 = 0. Let p = 85 - m. Let v = p - -98. What is the tens digit of v?
1
Let j be (-7)/(42/24) - -1 - -8. Suppose 0 = 3*i + 15, -j*s - 3*i = -6*i - 1485. What is the tens digit of s?
9
Let x(r) = 346*r - 17. Let m(l) = 342*l - 16. Let j(q) = -6*m(q) + 7*x(q). What is the units digit of j(4)?
7
Let d(b) = 14*b - 3. Suppose -37 = -i - 42. Let y be d(i). Let j = y - -127. What is the tens digit of j?
5
Let q be (-15 - 3)*(-17)/(-34). What is the hundreds digit of (q + 27)/1*(30 - -1)?
5
Suppose 27*k = 41680 - 14005. Suppose -8560 = -5*a + 4*y, a - 2*y - 681 = k. What is the thousands digit of a?
1
Suppose 12*i + 249776 = 28*i + 45856. What is the ten thousands digit of i?
1
Let b = 3 - 1. Let t(d) = 148*d + 1 + 197*d + 169*d - 464*d. What is the hundreds digit of t(b)?
1
What is the tens digit of (1*(-4)/8)/((-63)/278334)?
0
Suppose -2*n - 3*b + 2 = -12, -19 = n - 5*b. Let j(a) = 189*a - 5. What is the hundreds digit of j(n)?
1
What is the units digit of ((-456)/(-10))/(((-21)/(-1029))/(60/63))?
8
Let t(h) = h + 29. Let c be t(-10). Let v = c - 13. What is the units digit of (24/15)/(v/15)?
4
Let v = -196 + 406. Suppose -v*h = -204*h - 570. What is the units digit of h?
5
Let z = 8 + 60. Suppose 0 = 2*p + 2*p + z. What is the units digit of p/(-4)*-2*-14?
9
Let w = -1666 + 3864. What is the units digit of w?
8
Let s = 11234 - 5340. What is the thousands digit of s?
5
Let j = -1 - -5. Let v = -168 + 168. Suppose v = -3*u - j*u + 266. What is the tens digit of u?
3
Suppose 3*q + 77 = 4*m, -m = 3*q - 6*m + 76. Let j be ((-9)/q)/((-1)/(-15)). Suppose 3*o - 9 = 2*g, -19 = j*g - 4. What is the units digit of o?
1
Let z = -461 + 2521. Let o be 6/((-24)/z) + 4. Let y = 787 + o. What is the tens digit of y?
7
Let g(l) = l**2 - 4 + 14 + 4*l + 0 - 10*l. Let b be g(4). What is the tens digit of 1014/11 - 7/77*b?
9
Let t = 24161 - 15626. What is the thousands digit of t?
8
Let x be 1 + 2 + (-36)/(-2). Let u(y) = y**2 - 20*y - 16. Let k be u(x). Let w(i) = -i**3 + 7*i**2 - 2*i - 3. What is the tens digit of w(k)?
3
Let d = 594 - 395. Suppose -d = -3*n + 1424. What is the tens digit of n?
4
Suppose -11*z + 9*z - 8 = 0. Let x be (z/10)/(98/35 + -3). Suppose -x*d + 477 = d. What is the tens digit of d?
5
Let b = 4846 + -4707. What is the tens digit of b?
3
Let j(s) be the first derivative of 11/2*s**2 - 17*s - 3. What is the hundreds digit of j(14)?
1
Suppose 3*q + 7*q = -5*q. What is the hundreds digit of 483 + 22 + (3 - (q + 2))?
5
Suppose -3*t - 18 = -4*v, -3*t = 8 - 2. Suppose 0 = 49*i - 66*i + 969. Suppose 0 = -5*x + x - 5*y + 31, i = 3*x - v*y. What is the units digit of x?
4
Suppose 9*x + 1248 = 11*x. Suppose 0*c + x = 4*c. Let m = c + 6. What is the hundreds digit of m?
1
What is the thousands digit of -11 + 18 + 27207/6*2?
9
Let a(j) = 85*j + 76*j - 174*j - 45. What is the hundreds digit of a(-29)?
3
What is the units digit of (6 - 1 - 39728/13)/(12/(-8))?
4
Let k(g) = -4*g**2 - 6*g - 15. Let m(i) = -i**2 + 1. Let r(v) = -k(v) + 2*m(v). What is the units digit of r(-6)?
3
Let j = 2342 + -4098. Let w = j + 2560. What is the units digit of w?
4
Let g(l) = -l**3 + 3*l**2 + 7*l - 10. Let x be g(4). Suppose 770 = -12*y - x*y. Let c = y - -116. What is the units digit of c?
1
Suppose 45 = u + 4*u. Let r = 14 - u. Suppose 0*v + 250 = r*v. What is the tens digit of v?
5
Let k(l) = l**3 - l**2 + 72. Suppose 21*o - 6 = 19*o. Suppose 3 = -4*c + 3*f, -o*c + 5*c + 3*f = 3. What is the units digit of k(c)?
2
Let a(h) = -9*h + 1303. What is the thousands digit of a(-53)?
1
What is the ten thousands digit of (6/(-10) - (-21105)/175)*(-3012)/(-16)?
2
Let i(k) = 2*k + 252. Let p = 62 - 53. Let r(b) = -3*b - 504. Let f(n) = p*i(n) + 4*r(n). What is the tens digit of f(0)?
5
What is the hundreds digit of 282*((-45)/105 - (-2 + (-391)/14))?
3
Let z(y) = 480*y**2 - 37*y - 75. What is the units digit of z(5)?
0
Let q = -3182 - -8658. What is the tens digit of q?
7
Let g(z) = 157*z + 28. Let w be g(10). Let t = w - 1127. What is the tens digit of t?
7
Suppose 6*g - 21 = 9. Suppose -3*o - 2*o = -4*c, 0 = -3*o - g*c. What is the tens digit of (-1 - -224) + 4/(-2 + o)?
2
Suppose 46*o + 25916 = 84*o. Suppose 2*b + o - 3076 = 0. What is the tens digit of b?
9
Let g = -47252 + 93500. What is the thousands digit of g?
6
Let r(q) be the second derivative of -19/6*q**3 + 0 - 23/2*q**2 - 4*q. What is the tens digit of r(-6)?
9
Let o(n) = -21*n + 5. Let a = -46 + 25. Let p = -24 - a. What is the units digit of o(p)?
8
Let r(t) = -41*t**2 - 3 + 18*t**2 + 28*t**2 + 29*t**3 + 5 - 3*t - 3. What is the units digit of r(3)?
8
Suppose 418*u - 22229 = 137*u + 3342. What is the tens digit of u?
9
Let m(f) = f**3 + 3*f**2 + 8. Let n be m(-4). Let k(t) = -3*t**2 - 25*t + 3. Let u be k(n). Suppose -152 - 222 = -u*d. What is the tens digit of d?
3
Let l be (0 + 3 - 6)/((-12)/20). Suppose -l*m + 8*m - 774 = 0. What is the tens digit of m?
5
Let p(d) = d**3 - 42*d**2 + 82*d - 46. Let m(w) = 11*w**2 + 2*w - 8. Let b be m(2). What is the tens digit of p(b)?
3
Suppose 0 = -g - g. Suppose 5*k = 0, -k = 4*p - 2*k - 52. Suppose g = -14*n + p*n + 23. What is the tens digit of n?
2
Suppose -q + 18399 = k, 13381 = -34*k + 2*q + 639055. What is the hundreds digit of k?
4
Let h = -1165 - -1631. Suppose 5*l - 3*s = 1426, 2*l + 3*s - 870 = -l. Let x = h - l. What is the units digit of x?
9
Suppose 21029 = 9*x + 6890. Suppose -2*k + x = 3*q - 235, 592 = q + 4*k. What is the hundreds digit of q?
6
Suppose 3*a - 4*a = -7. Suppose -r + a*u - 4 = 3*u, r - 5 = -5*u. Suppose r = -p + 9 + 10. What is the units digit of p?
9
Let q(b) = -3806*b + 200. What is the tens digit of q(-5)?
3
What is the ten thousands digit of ((-439)/1756)/(2/(-159352))?
1
Let g be (-22)/(-10)*(8 + -3) + -2. Suppose 5*r + 0 + 17 = -3*a, 3*a + 3*r = -g. What is the hundreds digit of (2 + 1 + -104)*(a - 2)?
1
Let m(x) be the second derivative of -9*x**3 - 69*x**2/2 - 3*x + 26. What is the tens digit of m(-4)?
4
What is the thousands digit of (-6 - -6) + 1 + -4 + (-45540)/(-2)?
2
Suppose -53*b = -56*b + 5*t + 29, 2*b - 5*t = 26. Suppose 3*c + b*x - 2289 = 0, 3*c + 0*c - 5*x - 2321 = 0. What is the tens digit of c?
6
Let w = 2231 - -4184. What is the thousands digit of w?
6
Let u(x) = 9*x**2 + 6*x + 7. Let k(s) = -9*s**2 - 7*s - 6. Let w(v) = -7*k(v) - 6*u(v). Let l be w(9). Suppose -9*p + l = -0*p. What is the tens digit of p?
9
Let j(y) = 37*y - 24. Let f be j(1). What is the units digit of (65/(-25))/f - 451/(-5)?
0
Let w = 69117 - 916. What is the thousands digit of w?
8
Let p(o) = -2*o + 6*o + 0*o + 2 - 4. Let t be p(0). What is the tens digit of (-5157)/18*t/3?
9
Suppose -k - 4*c - 4 = 16, -3*c = 3*k + 51. What is the tens digit of (-4)/k*(1 + -429)/(-1)?
0
Suppose -1277 + 3086 = 2*g + 3*y, 3613 = 4*g + y. Let j = g - 288. What is the hundreds digit of j?
6
Let j